1805 = 2*s + 3*v. List the prime factors of s.
17, 53
Suppose 2*k = 5*c - 3850, 0 = 5*c - 0*c + 3*k - 3825. List the prime factors of c.
2, 3
Let g(i) = i**3 - 5*i**2 + 4*i + 2. Let t be g(4). Suppose t*h - 118 = 4*l, -4*h + 5*l + 114 = -2*h. List the prime factors of h.
67
List the prime factors of 150/2 - (-42 - -40).
7, 11
Let k = -31 + 26. Let z be (-8)/4 + 5 + k. List the prime factors of (6/(-12))/(z/216).
2, 3
Let g(w) = -w**2 - 11*w - 14. Let h be (1/5 + 1)*(-7 + 2). List the prime factors of g(h).
2
Let v(j) = -75*j - 184. List the prime factors of v(-7).
11, 31
Let c be 68 + (-7 - -5)/(2/1). Suppose x + 4*r - c = 0, 0 = 3*x + 4*r + 14 - 183. List the prime factors of x.
3, 17
Let h = 7465 - 4503. List the prime factors of h.
2, 1481
Suppose 85*s = 86*s - 445. What are the prime factors of s?
5, 89
Let q(n) = 320*n**2 + 17*n + 76. What are the prime factors of q(-4)?
2, 641
Suppose 3*p = -2*p + 340. Suppose 352 = 4*r + p. Suppose -5*z + c = 46 - 157, -3*z = -5*c - r. List the prime factors of z.
2, 11
Suppose -10*v + 7*v + 15 = 0. Suppose -v*w + 101 + 134 = 0. What are the prime factors of w?
47
Let l(f) = -4*f**3 + 4*f**2 + f + 3. Let u = -57 + 54. What are the prime factors of l(u)?
2, 3
What are the prime factors of (-56)/644 - 39518/(-46)?
859
Let g = 380 - 366. List the prime factors of g.
2, 7
Let h(o) = o**2 + 11*o + 27. Let y be h(-13). Suppose 0 = -3*f + 127 + y. What are the prime factors of f?
2, 3, 5
What are the prime factors of 18185/30 + 2/(-24)*2?
2, 3, 101
Let g be 6/(-4) - ((-42)/12)/7. Let d(r) = 78*r**2 + 3*r - 1. List the prime factors of d(g).
2, 37
Let j(k) = k**2 + 46*k + 70. What are the prime factors of j(-51)?
5, 13
Let g be ((-72)/(-90))/((4/(-5))/2). Let s(l) = 6*l**2 - l**2 + 2*l**2 + l**2. What are the prime factors of s(g)?
2
Suppose -a = -5*a + 16. Suppose -19 + 399 = a*q. What are the prime factors of q?
5, 19
Let r be (3 + -3 - 19) + (-1 - -3). List the prime factors of r*(1 - 17)/2.
2, 17
Let w(a) = a**3 - 25*a**2 + 84*a - 12. What are the prime factors of w(24)?
2, 3, 7, 17
List the prime factors of 726*(-2 - 20/(-8)).
3, 11
Suppose -2*y - 297 = v - 3680, -3*y = 5*v - 16887. What are the prime factors of v?
3, 5
Suppose 5*a + 5*c = 10, 5*c - 20 = 2*a + c. What are the prime factors of ((-16)/(-48))/(a/(-1374))?
229
Let v(q) = -q - 3. Let n be v(10). Let o(z) = -4*z - 5 + 3 - z - 14. What are the prime factors of o(n)?
7
Suppose 19*i + 5474 = 26*i. What are the prime factors of i?
2, 17, 23
Let f(w) be the second derivative of w**4/24 + w**3 + 5*w**2 - 5*w. Let k(p) be the first derivative of f(p). List the prime factors of k(-4).
2
Let g = -223 - -390. List the prime factors of g.
167
Suppose -q - 60 = -4*q. Let p = q + -17. List the prime factors of (p/9)/((-1)/(-105)).
5, 7
List the prime factors of (-15)/9*-1561 + (-4)/(-3).
19, 137
What are the prime factors of 0 - -2180 - 4*30/(-20)?
2, 1093
List the prime factors of -1*18/15 + 29784/20.
2, 3, 31
Let i(a) = -a**2 + 9*a + 1. Let n be i(7). Let y(c) = c**2 - 14*c + 17. What are the prime factors of y(n)?
2
Let l(o) = 2*o**2 - 20*o + 6. Let j be l(8). Let t(v) = -2*v - 17. List the prime factors of t(j).
5, 7
Let y(k) = k**2 - 10*k + 10. Let c be y(5). Let u = c + 19. Suppose 14 + u = 3*d. What are the prime factors of d?
2, 3
Let j(s) = s**3 + 8*s**2 - 9*s + 23. List the prime factors of j(-8).
5, 19
Let n(j) = 3*j**3 + 6*j**2 - 4*j + 8. Let z be n(-5). Let v = z + 322. What are the prime factors of v?
5
Suppose v - 3*v = 18. Let r(h) = 28*h - 6 - h**2 + 35*h + 30*h + 31*h - 137*h. List the prime factors of r(v).
2, 3, 5
Suppose 0 = -5*v - 2*s + 19, 3*s + 4 = 3*v + 1. Suppose -v*m + 21 = -30. Suppose m*w - 22*w + 255 = 0. List the prime factors of w.
3, 17
Let g(t) = -2*t**3 - 3*t**2 + t + 2. Let l be (4/(-6))/((-6)/18). Suppose 4*d + d + l*h = -10, -5*d + h - 10 = 0. What are the prime factors of g(d)?
2
Suppose -29286 = -10*k + 31304. List the prime factors of k.
73, 83
Suppose -z + 4*n - 2*n = 0, -2*z = -n + 3. List the prime factors of (-1)/(3/((-12)/z)) + 283.
281
Let k be (-33)/(-21) + -2 - 585/(-91). List the prime factors of (k/(-2))/(24/(-1664)).
2, 13
What are the prime factors of -3 + 5 - (-3 - 3138)?
7, 449
Let t be 5/(20/16) + -29. Let a = 23 - t. List the prime factors of a.
2, 3
Suppose 12 + 8 = 4*f - 4*s, 3*f = 2*s + 11. Let i(d) = -11*d - 6. Let z(a) = -11*a - 7. Let h(g) = -6*i(g) + 5*z(g). What are the prime factors of h(f)?
2, 3
List the prime factors of 1540 + (-5)/((-20)/16).
2, 193
Let y(g) = 3 + 5 + 3*g - g**3 - 2*g**2 - 4. What are the prime factors of y(-3)?
2
Suppose -4*f = -4*k + 7*k - 151, 0 = -5*f - 4*k + 190. Suppose -11 = d - f. Let z = 50 - d. What are the prime factors of z?
3
Suppose 0 = h - 4*h - 5*c + 22, 0 = -5*h - 5*c + 30. Suppose -3*o = -5*b + 207, 5*o = -h*b - 24 + 160. List the prime factors of b.
3, 13
Let t be (-4)/6*(-330)/(-44). Let s(m) = 10*m**2 - 5. What are the prime factors of s(t)?
5, 7
Let n = 20 - 25. Let w = n + 12. Suppose -55 = -w*r + 267. What are the prime factors of r?
2, 23
Let p = -207 + 293. Suppose w = -0*f - 3*f + 91, 3*f - p = -2*w. Suppose z - 4*y = 37, 0 = z - y + 1 - f. What are the prime factors of z?
29
Let s(b) = -b - 1. Let o be s(-7). List the prime factors of (o/(-12))/((-3)/48).
2
Suppose 3 = -0*n + 3*n, 0 = 3*z - 5*n - 127. Suppose -4*c + 6*c = 148. Let o = c - z. List the prime factors of o.
2, 3, 5
Let z be (-164)/(-10) - 6/15. Suppose -3*v + 5 = l, -3*l - 7 = 3*v + l. Suppose -z = -v*a - a. What are the prime factors of a?
2
Suppose -g - 3*o = 8, 2*g + 31 - 7 = -4*o. Let r(i) = 6*i**3 - i**2 - i + 1. Let q be r(1). List the prime factors of 45 - q/(g/8).
47
Let i(y) = 31*y**3 - 4*y**2 - 2*y - 4. Let k(l) = 1 + l**2 - 1 - 1 - 2*l**2 + l**3. Let r(v) = i(v) - 5*k(v). List the prime factors of r(1).
2, 13
Let g(k) = 119*k - 560. What are the prime factors of g(38)?
2, 7, 283
Let f(s) be the first derivative of -17*s**3/3 - 5*s**2/2 + 7*s + 1. Let j(r) be the first derivative of f(r). What are the prime factors of j(-2)?
3, 7
Let r = 23 - 19. Suppose 4*l + 3*d - d = 150, 0 = r*l - 3*d - 155. Suppose -152 = -4*p + 6*t - t, p = -3*t + l. List the prime factors of p.
2, 19
Suppose 277*g - 275*g - 866 = 0. What are the prime factors of g?
433
Let i = -1179 - -2205. List the prime factors of i.
2, 3, 19
Let c(b) be the third derivative of -b**5/60 + 53*b**3/2 - 5*b**2. List the prime factors of c(0).
3, 53
What are the prime factors of 4/(-6)*(-2787)/2?
929
Let o(g) be the second derivative of g**7/840 + g**6/90 - g**4/8 - g**3/2 + 4*g. Let k(l) be the second derivative of o(l). What are the prime factors of k(-3)?
2, 3
Suppose r - 1563 - 865 = -5*l, 2 = -r. What are the prime factors of l?
2, 3
Let x(h) = -2*h**3 - 2*h**2 - 2*h - 1. Let c be x(-2). Let g(m) = m**3 - 11*m**2 + 7*m - 9. What are the prime factors of g(c)?
2, 17
Let y be (-2)/(-4) + (-747)/(-6). Suppose -y = -4*f + 75. Let v = f + -33. What are the prime factors of v?
17
Suppose -3*t + 234 = -2*g - 113, g + 576 = 5*t. Suppose -3*a - 4*u = -8*a + t, 3*u = -5*a + 80. What are the prime factors of a?
19
Suppose -5*p + n + 32 = 0, -2*p = p - 2*n - 15. Suppose 0 = p*t - 4*t - 156. List the prime factors of t.
2, 13
Let s(j) = -j**3 - 3*j**2 - 5*j - 33. Let b be s(-6). Suppose 64 = -o - 0*o - 5*d, 4*d = 3*o + 135. Let k = b + o. List the prime factors of k.
2, 7
Let d(l) = -12*l - 43. Let f be d(-4). List the prime factors of -3 - (-164)/(6 - f).
7, 23
Let w = -917 - -1605. Suppose 0 = -r - r + 3*v + 336, -2*v + w = 4*r. List the prime factors of r.
3, 19
Let y(o) = -o**2 + 19*o + 2. Let p be y(17). Let f = p - 34. Suppose -3*t + f*i + 215 = 6*i, 0 = -5*t - 2*i + 335. List the prime factors of t.
5, 13
Let q = -529 - -537. What are the prime factors of q?
2
Let d = 3 - 21. Let g = d - -43. What are the prime factors of g?
5
Let i(l) = -339*l - 231. What are the prime factors of i(-14)?
3, 5, 7, 43
Let n(v) = -23*v - 1. Let c be n(-1). Let i(j) = j**3 - 23*j**2 + 27*j + 23. List the prime factors of i(c).
7, 19
Suppose 12*l = -23*l + 52185. What are the prime factors of l?
3, 7, 71
Let j(k) = k**2 + k + 16. Let y be j(0). Suppose 3*f - y = f. Let q = -3 + f. What are the prime factors of q?
5
Let b = -43 - -2070